red thousands digit of 6101123?
1
What is the millions digit of 14762533?
4
What is the hundreds digit of 1542132441?
4
What is the tens digit of 42210993?
9
What is the thousands digit of 8200093?
0
What is the hundred thousands digit of 1194778394?
7
What is the hundred millions digit of 308697984?
3
What is the ten thousands digit of 247090528?
9
What is the tens digit of 2495026584?
8
What is the ten millions digit of 1548901514?
4
What is the ten millions digit of 15892701?
1
What is the tens digit of 60726710?
1
What is the ten millions digit of 10269025?
1
What is the hundreds digit of 1167075771?
7
What is the thousands digit of 162476855?
6
What is the thousands digit of 273718500?
8
What is the millions digit of 33260337?
3
What is the ten millions digit of 95224632?
9
What is the ten thousands digit of 28589018?
8
What is the hundred thousands digit of 3918227396?
2
What is the ten millions digit of 88333354?
8
What is the ten millions digit of 198458332?
9
What is the hundred thousands digit of 549055616?
0
What is the tens digit of 883922678?
7
What is the ten thousands digit of 190913714?
1
What is the units digit of 37616430?
0
What is the tens digit of 885502470?
7
What is the hundreds digit of 173001162?
1
What is the units digit of 6760153?
3
What is the tens digit of 1409922595?
9
What is the hundred thousands digit of 650482439?
4
What is the ten thousands digit of 62534718?
3
What is the tens digit of 548904251?
5
What is the ten thousands digit of 212238137?
3
What is the millions digit of 681433902?
1
What is the hundred thousands digit of 936014144?
0
What is the tens digit of 447358375?
7
What is the hundred thousands digit of 7548991?
5
What is the ten millions digit of 4613831960?
1
What is the hundred thousands digit of 448706862?
7
What is the ten thousands digit of 114886003?
8
What is the ten millions digit of 406993825?
0
What is the thousands digit of 23786394?
6
What is the hundred thousands digit of 187605604?
6
What is the millions digit of 32414512?
2
What is the ten millions digit of 2916129645?
1
What is the ten millions digit of 53691265?
5
What is the hundreds digit of 123239929?
9
What is the units digit of 5209792980?
0
What is the thousands digit of 545769443?
9
What is the units digit of 408378687?
7
What is the hundred millions digit of 216101412?
2
What is the billions digit of 5759672316?
5
What is the tens digit of 376667161?
6
What is the millions digit of 426018036?
6
What is the ten millions digit of 121650086?
2
What is the ten thousands digit of 36904840?
0
What is the millions digit of 9787766?
9
What is the hundred thousands digit of 131548201?
5
What is the ten millions digit of 686798999?
8
What is the thousands digit of 160430451?
0
What is the millions digit of 523639266?
3
What is the millions digit of 809041087?
9
What is the tens digit of 44871191?
9
What is the hundreds digit of 203070255?
2
What is the millions digit of 90464594?
0
What is the hundred millions digit of 3947554777?
9
What is the hundred millions digit of 2351354433?
3
What is the ten thousands digit of 198780363?
8
What is the thousands digit of 237601569?
1
What is the ten thousands digit of 898822372?
2
What is the ten millions digit of 249327681?
4
What is the thousands digit of 802766112?
6
What is the thousands digit of 96015158?
5
What is the hundred thousands digit of 2841921224?
9
What is the thousands digit of 56500551?
0
What is the ten thousands digit of 129002386?
0
What is the ten thousands digit of 15400014?
0
What is the millions digit of 169228152?
9
What is the millions digit of 119006126?
9
What is the ten thousands digit of 2557532378?
3
What is the hundred thousands digit of 117385926?
3
What is the ten millions digit of 6104717317?
0
What is the ten millions digit of 45191900?
4
What is the millions digit of 39167620?
9
What is the millions digit of 15392973?
5
What is the hundred thousands digit of 135192452?
1
What is the millions digit of 38208091?
8
What is the hundred thousands digit of 313947964?
9
What is the thousands digit of 1083478646?
8
What is the tens digit of 100699103?
0
What is the thousands digit of 949311841?
1
What is the ten thousands digit of 32325739?
2
What is the ten thousands digit of 2780575996?
7
What is the hundred thousands digit of 4881205001?
2
What is the units digit of 344092441?
1
What is the ten millions digit of 84420924?
8
What is the tens digit of 158002598?
9
What is the millions digit of 16587758?
6
What is the hundred thousands digit of 49801677?
8
What is the ten thousands digit of 1204040703?
4
What is the tens digit of 921348811?
1
What is the hundred millions digit of 278997008?
2
What is the millions digit of 303388939?
3
What is the ten thousands digit of 293884043?
8
What is the ten thousands digit of 1277449094?
4
What is the thousands digit of 682811482?
1
What is the tens digit of 4439825544?
4
What is the hundred thousands digit of 305933594?
9
What is the hundred thousands digit of 292010?
2
What is the hundreds digit of 2182233004?
0
What is the hundred thousands digit of 2313509230?
5
What is the units digit of 1123527955?
5
What is the billions digit of 1141906004?
1
What is the thousands digit of 44192106?
2
What is the units digit of 4500948?
8
What is the hundreds digit of 6708256987?
9
What is the thousands digit of 4520155469?
5
What is the hundred thousands digit of 1012604417?
6
What is the thousands digit of 3988352973?
2
What is the ten millions digit of 36975262?
3
What is the thousands digit of 47284256?
4
What is the hundreds digit of 328426443?
4
What is the thousands digit of 19613417?
3
What is the units digit of 359693208?
8
What is the units digit of 85817706?
6
What is the hundred thousands digit of 712746556?
7
What is the thousands digit of 179627920?
7
What is the ten millions digit of 83284145?
8
What is the thousands digit of 129314249?
4
What is the ten thousands digit of 2909080193?
8
What is the hundred thousands digit of 10278996?
2
What is the millions digit of 44668750?
4
What is the ten thousands digit of 2722352516?
5
What is the thousands digit of 69609029?
9
What is the hundreds digit of 596715886?
8
What is the thousands digit of 73192534?
2
What is the hundreds digit of 69489081?
0
What is the hundred millions digit of 1731985483?
7
What is the units digit of 102467609?
9
What is the millions digit of 282732840?
2
What is the hundred thousands digit of 2915517113?
5
What is the millions digit of 3930406815?
0
What is the hundreds digit of 79230458?
4
What is the tens digit of 42913216?
1
What is the units digit of 736916650?
0
What is the hundred millions digit of 3597098852?
5
What is the units digit of 477483597?
7
What is the ten millions digit of 683120812?
8
What is the hundred millions digit of 1535972977?
5
What is the ten thousands digit of 71669813?
6
What is the hundred millions digit of 2872060512?
8
What is the ten millions digit of 2101521434?
0
What is the tens digit of 692340759?
5
What is the ten millions digit of 25078540?
2
What is the ten millions digit of 398710964?
9
What is the billions digit of 3237172424?
3
What is the billions digit of 2679524986?
2
What is the thousands digit of 57489981?
9
What is the millions digit of 93245545?
3
What is the ten thousands digit of 1988653328?
5
What is the millions digit of 840943438?
0
What is the millions digit of 90163071?
0
What is the ten thousands digit of 490304658?
0
What is the tens digit of 188246741?
4
What is the millions digit of 1161003795?
1
What is the units digit of 535830692?
2
What is the millions digit of 74383732?
4
What is the millions digit of 1019585950?
9
What is the ten millions digit of 411117544?
1
What is the thousands digit of 2343794856?
4
What is the hundred millions digit of 4489220565?
4
What is the ten millions digit of 8375278388?
7
What is the millions digit of 80035366?
0
What is the hundred millions digit of 1418283201?
4
What is the hundred thousands digit of 615449985?
4
What is the billions digit of 1056112965?
1
What is the hundred thousands digit of 455499856?
4
What is the tens digit of 251320091?
9
What is the hundred thousands digit of 6289758?
2
What is the hundred millions digit of 3247447